{"id":25,"date":"2020-07-03T16:25:43","date_gmt":"2020-07-03T14:25:43","guid":{"rendered":"http:\/\/mywandern.net\/?page_id=25"},"modified":"2026-01-21T11:49:43","modified_gmt":"2026-01-21T10:49:43","slug":"wir","status":"publish","type":"page","link":"https:\/\/mywandern.net\/index.php\/wir\/","title":{"rendered":"Wir"},"content":{"rendered":"\n<p>Wer sind wir?<\/p>\n\n\n\n<p>Wir sind Markus und Yvonne &#8211; zwei ausgewachsene B\u00fcrohengste bzw. -stute, deren sportliche Karriere sich lange Zeit haupts\u00e4chlich auf den Weg zur Kaffeemaschine beschr\u00e4nkt hat.<\/p>\n\n\n\n<p>Sport? Haben wir ausprobiert. Fitnessstudio (viel angemeldet, wenig gegangen), Joggen (kurz versucht, schnell aufgegeben), Fahrradfahren (okay, aber nur bei R\u00fcckenwind und ohne Berge). So richtig begeistern konnte uns nichts davon.<\/p>\n\n\n\n<p>Dann kam 2019 diese v\u00f6llig verr\u00fcckte Idee: \u201eLass uns doch mal wandern gehen.\u201c<br>Unsere erste Tour: sagenhafte 5 Kilometer!!!<br>Wir waren stolz wie nach einem Marathon &#8211; aus heutiger Sicht war das eher ein Sonntagsspaziergang.<\/p>\n\n\n\n<p>Aber irgendetwas war anders: Wir hatten Spa\u00df. frische Luft, Natur, keine Stoppuhr, kein Trainer, der \u201eNOCH ZEHN WIEDERHOLUNGEN!\u201c schreit. Perfekt.<\/p>\n\n\n\n<p>Nat\u00fcrlich fanden wir trotzdem immer wieder Ausreden: Geburtstage, Feiern, schlechtes Wetter, schlechtes Wetter mit Wind, schlechtes Wetter mit Regen&#8230; und der Klassiker: \u201eN\u00e4chstes Jahr ist ja auch noch Zeit.\u201c<\/p>\n\n\n\n<p>Und dann kam Corona.<br>W\u00e4hrend halb Deutschland die Fahrradh\u00e4ndler leergekauft hat, haben wir einfach unsere Rucks\u00e4cke geschnappt und sind losmarschiert.<\/p>\n\n\n\n<p>Unser gro\u00dfes Ziel f\u00fcr den Herbst 2020:<br>35 Kilometer von Freudenberg im Siegerland nach Attendorn im Sauerland.<br>Wir fingen klein an (8\u201312 km) und steigerten uns langsam. Und dann &#8211; tadaaa! &#8211; Mitte Juni war es bereits geschafft:<br>35 Kilometer in 8 Stunden und 45 Minuten!<br>Mit m\u00fcden Beinen, aber ziemlich breitem Grinsen im Gesicht.<\/p>\n\n\n\n<p>Jetzt war endg\u00fcltig klar: Wir hatten uns da in etwas reingeritten.<br>Die logische (und v\u00f6llig vern\u00fcnftige) Konsequenz: <em>Alpen\u00fcberquerung.<\/em><\/p>\n\n\n\n<p>Am 26.07.2020 starteten wir in F\u00fcssen &#8211; und am 31.07.2020 kamen wir tats\u00e4chlich in Meran an.<br>Zu Fu\u00df. \u00dcber die Alpen.<br>Wir k\u00f6nnen es bis heute selbst kaum glauben.<br>Unsere komplette Reise findet ihr im Projekt &#8222;Alpen\u00fcberquerung&#8220; &#8211; inklusive Schwei\u00df, H\u00f6henmeter und Gl\u00fccksgef\u00fchle.<\/p>\n\n\n\n<p>Seitdem sind viele weitere Touren dazugekommen, die ihr hier auf der Seite findet.<\/p>\n\n\n\n<p>Zwischen 2023 und 2024 war es bei uns etwas ruhiger &#8211; wir hatten da so ein <em>kleines<\/em> Nebenprojekt: ein Hausbau.<br>Statt H\u00f6henmeter pl\u00f6tzlich Bauantr\u00e4ge, statt Wanderschuhen Sicherheitsschuhe und statt Gipfelkreuzen Richtfest.<br>Auch anstrengend &#8211; nur mit deutlich weniger Aussicht.<br>In dieser Zeit blieb das Wandern leider fast komplett auf der Strecke. Aber jetzt sind wir wieder bereit f\u00fcr neue Abenteuer.<\/p>\n\n\n\n<p>Hier erz\u00e4hlen wir von unseren Wegen, unseren kleinen und gro\u00dfen Abenteuern, von falschen Abzweigungen, Muskelkater deluxe und diesen Momenten, in denen man oben ankommt und denkt: \u201eWow&#8230; daf\u00fcr hat es sich gelohnt.\u201c<\/p>\n\n\n\n<p>Viel Spa\u00df beim Mitwandern und St\u00f6bern \u2013 und Vorsicht: Wandern macht s\u00fcchtig.<\/p>\n\n\n\n<p><\/p>\n\n\n\n<p><\/p>\n","protected":false},"excerpt":{"rendered":"<p>Wer sind wir? Wir sind Markus und Yvonne &#8211; zwei ausgewachsene B\u00fcrohengste bzw. -stute, deren sportliche Karriere sich lange Zeit haupts\u00e4chlich auf den Weg zur Kaffeemaschine beschr\u00e4nkt hat. Sport? Haben wir ausprobiert. Fitnessstudio (viel angemeldet, wenig gegangen), Joggen (kurz versucht, schnell aufgegeben), Fahrradfahren (okay, aber nur bei R\u00fcckenwind und ohne Berge). So richtig begeistern konnte &hellip; <\/p>\n","protected":false},"author":2,"featured_media":183,"parent":0,"menu_order":10,"comment_status":"closed","ping_status":"closed","template":"","meta":{"footnotes":""},"class_list":["post-25","page","type-page","status-publish","has-post-thumbnail","hentry"],"_links":{"self":[{"href":"https:\/\/mywandern.net\/index.php\/wp-json\/wp\/v2\/pages\/25","targetHints":{"allow":["GET"]}}],"collection":[{"href":"https:\/\/mywandern.net\/index.php\/wp-json\/wp\/v2\/pages"}],"about":[{"href":"https:\/\/mywandern.net\/index.php\/wp-json\/wp\/v2\/types\/page"}],"author":[{"embeddable":true,"href":"https:\/\/mywandern.net\/index.php\/wp-json\/wp\/v2\/users\/2"}],"replies":[{"embeddable":true,"href":"https:\/\/mywandern.net\/index.php\/wp-json\/wp\/v2\/comments?post=25"}],"version-history":[{"count":11,"href":"https:\/\/mywandern.net\/index.php\/wp-json\/wp\/v2\/pages\/25\/revisions"}],"predecessor-version":[{"id":2095,"href":"https:\/\/mywandern.net\/index.php\/wp-json\/wp\/v2\/pages\/25\/revisions\/2095"}],"wp:featuredmedia":[{"embeddable":true,"href":"https:\/\/mywandern.net\/index.php\/wp-json\/wp\/v2\/media\/183"}],"wp:attachment":[{"href":"https:\/\/mywandern.net\/index.php\/wp-json\/wp\/v2\/media?parent=25"}],"curies":[{"name":"wp","href":"https:\/\/api.w.org\/{rel}","templated":true}]}}

<p>Wer sind wir?</p>



<p>Wir sind Markus und Yvonne &#8211; zwei ausgewachsene Bürohengste bzw. -stute, deren sportliche Karriere sich lange Zeit hauptsächlich auf den Weg zur Kaffeemaschine beschränkt hat.</p>



<p>Sport? Haben wir ausprobiert. Fitnessstudio (viel angemeldet, wenig gegangen), Joggen (kurz versucht, schnell aufgegeben), Fahrradfahren (okay, aber nur bei Rückenwind und ohne Berge). So richtig begeistern konnte uns nichts davon.</p>



<p>Dann kam 2019 diese völlig verrückte Idee: „Lass uns doch mal wandern gehen.“<br>Unsere erste Tour: sagenhafte 5 Kilometer!!!<br>Wir waren stolz wie nach einem Marathon &#8211; aus heutiger Sicht war das eher ein Sonntagsspaziergang.</p>



<p>Aber irgendetwas war anders: Wir hatten Spaß. frische Luft, Natur, keine Stoppuhr, kein Trainer, der „NOCH ZEHN WIEDERHOLUNGEN!“ schreit. Perfekt.</p>



<p>Natürlich fanden wir trotzdem immer wieder Ausreden: Geburtstage, Feiern, schlechtes Wetter, schlechtes Wetter mit Wind, schlechtes Wetter mit Regen&#8230; und der Klassiker: „Nächstes Jahr ist ja auch noch Zeit.“</p>



<p>Und dann kam Corona.<br>Während halb Deutschland die Fahrradhändler leergekauft hat, haben wir einfach unsere Rucksäcke geschnappt und sind losmarschiert.</p>



<p>Unser großes Ziel für den Herbst 2020:<br>35 Kilometer von Freudenberg im Siegerland nach Attendorn im Sauerland.<br>Wir fingen klein an (8–12 km) und steigerten uns langsam. Und dann &#8211; tadaaa! &#8211; Mitte Juni war es bereits geschafft:<br>35 Kilometer in 8 Stunden und 45 Minuten!<br>Mit müden Beinen, aber ziemlich breitem Grinsen im Gesicht.</p>



<p>Jetzt war endgültig klar: Wir hatten uns da in etwas reingeritten.<br>Die logische (und völlig vernünftige) Konsequenz: <em>Alpenüberquerung.</em></p>



<p>Am 26.07.2020 starteten wir in Füssen &#8211; und am 31.07.2020 kamen wir tatsächlich in Meran an.<br>Zu Fuß. Über die Alpen.<br>Wir können es bis heute selbst kaum glauben.<br>Unsere komplette Reise findet ihr im Projekt &#8222;Alpenüberquerung&#8220; &#8211; inklusive Schweiß, Höhenmeter und Glücksgefühle.</p>



<p>Seitdem sind viele weitere Touren dazugekommen, die ihr hier auf der Seite findet.</p>



<p>Zwischen 2023 und 2024 war es bei uns etwas ruhiger &#8211; wir hatten da so ein <em>kleines</em> Nebenprojekt: ein Hausbau.<br>Statt Höhenmeter plötzlich Bauanträge, statt Wanderschuhen Sicherheitsschuhe und statt Gipfelkreuzen Richtfest.<br>Auch anstrengend &#8211; nur mit deutlich weniger Aussicht.<br>In dieser Zeit blieb das Wandern leider fast komplett auf der Strecke. Aber jetzt sind wir wieder bereit für neue Abenteuer.</p>



<p>Hier erzählen wir von unseren Wegen, unseren kleinen und großen Abenteuern, von falschen Abzweigungen, Muskelkater deluxe und diesen Momenten, in denen man oben ankommt und denkt: „Wow&#8230; dafür hat es sich gelohnt.“</p>



<p>Viel Spaß beim Mitwandern und Stöbern – und Vorsicht: Wandern macht süchtig.</p>



<p></p>



<p></p>

<p>Wer sind wir? Wir sind Markus und Yvonne &#8211; zwei ausgewachsene Bürohengste bzw. -stute, deren sportliche Karriere sich lange Zeit hauptsächlich auf den Weg zur Kaffeemaschine beschränkt hat. Sport? Haben wir ausprobiert. Fitnessstudio (viel angemeldet, wenig gegangen), Joggen (kurz versucht, schnell aufgegeben), Fahrradfahren (okay, aber nur bei Rückenwind und ohne Berge). So richtig begeistern konnte &hellip; </p>
